- (-15 + 11))?
90
Calculate -28 + 7 + ((13 - -33) + -22 - 4).
-1
What is -91 - (-85 + (80 - 114))?
28
Evaluate (1518 - 1598) + (44 - -1).
-35
Evaluate (-6 - ((7 - 17) + 6 + (4 - 4))) + -4.
-6
Evaluate (-33 - -99) + -6 + -19.
41
What is -15 - -70 - 51 - 94?
-90
-38 + (21 - 0) - 6 - -35
12
Evaluate 34 + (-6 - (21 + -40)) + -2.
45
Evaluate -60 + (-37 + 167 - 7).
63
What is 108 + 118 + -101 + -34 + 1 + -4?
88
-25 + 32 + -16 + 2 + -17
-24
What is -8 - -4 - (-11 - (7 + (13 - 21)))?
6
What is the value of 233 + (324 - 564) - (-21 + -1)?
15
(-102 - -7) + -13 - (-30 + -10 + 26)
-94
Evaluate (9 - 107) + (-32 - (29 - 63)).
-96
What is (-91 - -13) + 50 - -127?
99
What is (3 - -14) + -1 + (-62 - -97)?
51
What is 1 + -10 - (14 + (-9 - 28 - -50))?
-36
What is the value of (-152 - -215) + (78 - 74)?
67
Calculate 191 + -7 + 1 + (78 - 128).
135
What is the value of -95 - (13 + -8 + 6 + -35)?
-71
Evaluate 28 - (26 - 7) - -29.
38
Evaluate -151 + 24 - (26 + -80).
-73
What is -31 + (-10 - (-34 - 22)) + 73?
88
Calculate 11 + ((1 - -10) + -1 - 16) + -2.
3
Evaluate -54 + -4 - -117 - 101.
-42
What is the value of 1 - 43 - (2768 + -2806)?
-4
What is 100 + -8 + 18 - (-13 + 49 - 24)?
98
-35 + 13 - (-10 + (-14 - -23))
-21
Evaluate -1 + -11 + 93 + 0 + -21.
60
(-65 - -67 - ((-5 - -10) + 20)) + -11
-34
Evaluate -5 + (17 - 1 - (-172 + 180)).
3
Evaluate 18 + 50 - (-14 - 13 - 20).
115
Calculate (-1 - (11 - 11)) + -35 + 2 - 5.
-39
What is the value of (-10 - 0) + (19 - 5) - -43 - (5 + -5)?
47
Calculate 257 + -315 - (-34 + -7).
-17
What is the value of (19 + -15 - 6) + (-8 - -1)?
-9
Calculate 5 + -16 + 8 - (-19 + 36).
-20
What is 12 + -19 + 11 + (-6 - -1 - -17)?
16
-113 + 9 + 0 - (176 + -215)
-65
Calculate 71 + (-55 - -72 - 45).
43
Calculate (20 - 34) + 0 + 4 + -1 - -63.
52
27 - (-1 + -8 - (-61 + -4))
-29
Evaluate -98 + (-16 - 5 - (46 - 53)) + 13.
-99
What is the value of 42 + 2 + 2 - (190 - 186) - -1?
43
What is -13 + 78 - 71 - (37 - -2)?
-45
Evaluate 13 + (6 - (-8 - (21 + -10 + -4))).
34
What is the value of 459 + -401 + (-7 - 121)?
-70
What is the value of -105 + 22 - (-2 - (-7 + 2))?
-86
Calculate 10 + -8 - 10 - (-10 - (-22 - -37)).
17
Evaluate -13 - (-13 + (25 - 16) - -40).
-49
Calculate -6 - (-43 + -48 - -138).
-53
Calculate (9 - (27 + 26)) + 51.
7
Evaluate -18 - (-73 + -3 - (-36 - -15)).
37
What is the value of 67 - (-14 - (17 + -7 + -43))?
48
Calculate 193 + -87 + -25 - 11.
70
What is the value of 33 + -196 + 62 - -227?
126
What is 28 - 1 - (-3097 - -3101)?
23
What is 49 + -92 + 108 + -21?
44
41 + -42 + 25 + -13 + -42
-31
What is (14 - 20) + -5 + 56 - 20?
25
(-19 + 1 + 9 + 2 - -3) + 7
3
Evaluate -21 - ((-16 - 2) + 19 + -11).
-11
What is (-4 - -4) + (-24 - (14 + -34)) + 26?
22
What is -7 + -64 + -512 + 571?
-12
Calculate -8 - (-23 - (-47 - -22)) - (-1 - -13).
-22
449 + -375 + 1 + -92
-17
What is the value of 6 + -80 - (83 + -165)?
8
What is -21 - (-10 - (-9 + 8 - (8 - 4)))?
-16
Calculate (-4 + (-18 - -11) - 12) + -10.
-33
Evaluate (8 - 3 - 3 - (-12 - (-7 - 14))) + 13.
6
Evaluate -34 - (3 + (-4 + 0 - 3) + (-18 - -29)).
-41
Evaluate -46 + (-19 - (-14 + -24)).
-27
Evaluate -123 - -62 - -44 - (-1 + -12).
-4
Evaluate 22 - (-1 + 8 + 1 - 33).
47
What is -9 + -835 + 789 + -1 + 109?
53
Calculate (4 - 2) + (-64 + 1 - (17 - (13 - -4))).
-61
-2 + (-3 - 5 - ((40 - 13) + -31) - -104)
98
Evaluate -7 + 1 + -2 + (-82 - (3 + -121)).
28
What is -48 - (-15 + 62 - 51)?
-44
Evaluate -19 - 7 - (-70 + 44).
0
Calculate (-2 + 7 - 11) + -15 - 98.
-119
What is the value of -5 - (44 + -31 + 1 + 4 + 0)?
-23
What is the value of -2 + (0 - -29) + -14 + -311 + 319?
21
-2 + -1 + -34 + 27 + -36 + -8 + 9
-45
Evaluate 16 - (-16 + (15 - 10) - (-8 - 7)).
12
Evaluate -1 + 7 + 72 + -1 + (22 - 30).
69
Evaluate 7 - (13 + -16) - (-15 + 6) - (-14 + 1).
32
Evaluate -4 + (-78 - -32) - -17.
-33
What is the value of 66 + -84 + 25 + (-13 - (0 + 0)) - 89?
-95
Calculate -349 - -258 - (-31 + 0).
-60
-1 - 16 - -18 - (-10 + 9)
2
What is the value of -66 + (12 - 54) + 50?
-58
What is -23 - (-12 + -11 + 11) - -7 - (-60 - -5)?
51
What is the value of 5 + (0 + 0 - 1) + 1220 + -408 + -814?
2
What is the value of (935 - 930) + (2 - 2 - 1 - -5) - -64?
73
(0 - 0 - -7) + (-234 - -281) + -6
48
-10 + 4 + 29 + -7 + 1 + (-120 - -104)
1
What is -33 - 71 - (260 + -220)?
-144
Calculate 1 + -7 - (133 + -138 + 11).
-12
What is the value of -10 - (-5 - 0 - (0 + 9)) - -11?
15
What is the value of 6 + -3 + 3 + (208 + -94 - 77)?
43
Evaluate -83 + -5 + 37 - 15.
-66
5 + 30 + -6 + -3 - (28 - 23)
21
Evaluate -7960 + 7953 - (1 - (0 + -13)).
-21
7 + (3 - (16 - (9 - 4))) + -22
-23
Calculate 85 + 3 + (-263 - -219).
44
31 - 101 - 71 - -46
-95
Calculate -41 + 96 + -97 - (0 + (-2 - -4)).
-44
Calculate 26 + (-25 + -1 - -33).
33
Calculate -12 + (1 - -82) - ((12 - 17) + -11).
87
Evaluate 104 + 26 + 31 + -51.
110
Evaluate -96 + 140 - 24 - (0 - 0 - 93).
113
Calculate -1 + -6 + 6 - -40.
39
Calculate 0 + (-70 - -75) + (-34 - -2).
-27
47 - (-43 + 81 + (-66 - -14))
61
Calculate -99 + (281 - 267) + 0 + -15 + 4 + 1.
-95
What is (-6 - 17 - -2) + 13 + 20?
12
What is 57 + (90 - 71) - 146?
-70
Evaluate -6 + -14 + (16 - -12) + -56.
-48
Evaluate (-42 - 2) + (-33 - -15) + 26 + (-11 - -6).
-41
Evaluate -89 + 2 + 26 + 172 + -183.
-72
Calculate -12 + (27 - 14) - -55.
56
What is -11 + -70 + -7 + 20 + 19?
-49
Evaluate (-1 - -1) + 6 + (10 - 6) - (-34 + 33).
11
What is 154 + -180 - (7 - (-3 - (-5 + -1) - 1))?
-31
Calculate (-5 - (-41 - 1)) + 29.
66
What is -3 + -22 + 5 - (458 - 468)?
-10
-45 + (93 - (85 - 30))
-7
Evaluate (25 + -35 - -15 - -9) + -19.
-5
-43 - (25 - 56) - (1 - (36 - 0))
23
What is the value of -6 + -65 + 45 - (26 + 0)?
-52
Evaluate 1 - -12 - (29 - 29) - -21 - -8.
42
23 - 2 - (1465 - 1464)
20
What is the value of -2 - (-19 + 5) - (785 + -696)?
-77
Evaluate (-35 - -4) + 18 + 20 + 37.
44
What is the value of (-17 - (37 + 40)) + 44?
-50
What is -100 + 16 + (24 + -23 - 1) + -38?
-122
Evaluate -8 + -33 + (42 - (7 - 4)).
-2
What is -44 - (2 + 17 + (56 - 73))?
-46
What is (-4 + 5 - -10) + -10 + -46 + 116?
71
What is the value of (30 + -65 - -41) + -17?
-11
Calculate 52 - ((39 + -24 - (-9 - -22)) + (1 - 3)).
52
(-2 - (7 + -4) - (0 - -1)) + (2 - 25)
-29
-34 + -2 + -7 + 19 + (21 - 99)
-102
What is the value of -33 - (-200 + (-45 - -52) - -27)?
133
(0 - -2) + (4 - ((-14 - -91) + 19))
-90
-38 - (-17 + -12 + -6 + 39)
-42
Evaluate -56 + -6 + -18 + 36 - (10 - 2).
-52
Evaluate (-3492 - -3521) + (3 + -1 - 29).
2
(-28 - 11 - (-130 - -84)) + -1 + 81
87
(-16 - (-5 - -4 - 11)) + -17
-21
What is the value of (75 - 52) + -60 + 46 + 4?
13
What is 0 + -17 - (-3957 + 3971)?
-31
-52 + 24 + 27 + (44 - 0)
43
What is -37 + (-5 - -39) - -47?
44
63 + -3 - (87 - (-22 + 93))
44
Calculate (-10 - -12) + -139 + (-408 - -421).
-124
What is -160 - -51 - -234 - 190?
-65
What is -7 + (-3 - ((0 - -68) + (-7 - 2)))?
-69
What is -30 + (-60 - -48) + -8 + 1 + 2?
-47
Evaluate -9 - ((376 - 378) + 0 + 2 + -69 + 3).
57
What is the value of 19 + (-79 - -73) + (12 - 0) + (11 - 10)?
26
What is the value of -2 + (6 - -3) + 2 + (48 - (-20 - -36))?
41
What is the value of -55 - (-59 - (-22 - 33))?
-51
What is 28 + (-52 - (21 - 19))?
-26
Evaluate -9 - ((21 - -8) + 23).
-61
(-466 - -486) + (4 - 32)
-8
Calculate -120 + 57 + -30 + -2 + -9.
-104
What is -1 + 5 + -3 + -484 + 494?
11
What is the value of 2 - 23 - (1149 + -1067)?
-103
What is -5 - ((-11 - 5) + 0) - 9 - (14 - 76)?
64
What is -18 - (-28 + 18 + -15 + 6)?
1
Calculate 132 + -93 + (3 + -2 - -3).
43
Calculate (52 + -53 - (2 - -2)) + (-3 + 8 - 7).
-7
What is (2 - -15 - (51 + -12)) + 5?
-17
Evaluate 5 - (1 - 10) - 2 - 31.
-19
What is -48 + -76 + 72 + 1 + 1?
-50
Calculate -23 + (85 + 7 - 131).
-62
What is 1 - (19 - (-30 - (-7 - -15)))?
-56
-82 + 130 + 27 + -2 - 23
50
Calculate 2 - 5 - (5 - (8 - 12)) - 8.
-20
Calculate (879 - 885) + (2 - (0 + (-49 - 1))).
46
What is 41 - (87 - (29 - -25))?
8
What is (113 + -112 - -11) + -1 + 0 + -36?
-25
Calculate 76 + 2 + 2545 + -2689.
-66
What is -3 - (-11 + (19 - -7)) - 58?
-76
Calculate -6 - (10 + -12 + -18) - -17.
31
Calculate 46 + 3 - (-487 - -494).
42
What is the value of (1 + 21 - (71 + -58)) + -11 - 34?
-36
What is 15 + 1 + 140 + -88?
68
What is the value of (-173 - (-156 - 21)) + (-3 - -1) + 64?
66
What is the value of -68 + (20